What are the prime factors of 0 + (-8)/(4/i)?
2
Let i = 12 + -13. Let a be (-6)/(-8) + i/(-4). List the prime factors of ((-42)/84)/(-1*a/130).
5, 13
Let n(r) = -r**3 + 15*r**2 + 3*r - 41. Let q be n(15). Suppose 0 = -4*b - 5*p + 4119, -q*b + 2302 = 4*p - 1814. What are the prime factors of b?
2, 3, 19
Let m be (3 - (0 - -1))*9/9. Suppose -m*y - 633 = -z, 3333 = 5*z + 5*y + 243. List the prime factors of z.
7, 89
List the prime factors of 2907796/(-282)*2*(-3)/4.
15467
Let g(n) = -5*n + 88. Let r be g(16). What are the prime factors of (-28)/r*(-118 + -6)?
2, 7, 31
Let s = -14 - -17. Let v = 124 - 125. What are the prime factors of (v - -1*s)/(32/128)?
2
Suppose 5477 = 7*g - 6507. List the prime factors of g.
2, 107
Let j(c) be the second derivative of 3*c**5/20 + c**4/6 - 4*c**3/3 - 5*c**2/2 - 70*c - 1. List the prime factors of j(3).
2, 5, 7
Let p(f) = -f**3 - 12*f**2 - 19*f + 14. Let b be p(-10). Suppose -6 = 3*j - 4*o, 0*j + 4*j = -b*o - 8. What are the prime factors of (0 + 1)/j - (-2910)/20?
5, 29
Let s = 549 + 6. Let f = 762 - s. List the prime factors of f.
3, 23
Let j(q) = q**2 - q + 157 + 10*q + 12*q. List the prime factors of j(-6).
67
List the prime factors of (13 + (-626)/30*21)/(2/(-10)).
2, 1063
Let q be (-5 + 8)/(((-168)/287)/(-8)). Suppose -q*d + 10947 + 3813 = 0. What are the prime factors of d?
2, 3, 5
Let t(k) = k**3 - 4*k**2 + 1. Let y be t(4). Let j be y*3/(-18) + 4852/24. Let o = 461 - j. List the prime factors of o.
7, 37
Let q = 1026 - 346. Suppose 0 = 9*u - 7*u - q. Suppose u = 5*p - 10. List the prime factors of p.
2, 5, 7
Let y(n) = -2*n**3 - 22*n**2 + 37*n + 546. List the prime factors of y(-24).
2, 3, 271
Suppose 3*k + 4*t - 136 = 5*t, -5*t = -3*k + 152. Suppose 39*z - k*z + 260 = 0. What are the prime factors of z?
2, 13
Let f be (-6)/5*(-1540)/(-42). Let g be (3 - -4)/(f/46 + 1). Let c = g + -114. What are the prime factors of c?
47
Let x = 592 + 3392. List the prime factors of x.
2, 3, 83
Let i(k) = 449*k**3 + k**2 + 2*k - 3. What are the prime factors of i(1)?
449
Suppose 4*w - 19 = 301. Let z be (-16625)/385 + 4/(-66)*-3. Let d = w - z. List the prime factors of d.
3, 41
Let m(u) = u**3 + 8*u**2 + 3*u + 16. Let o be m(-6). Suppose s = -4*s + o. Suppose s = 2*i - 6. What are the prime factors of i?
2, 5
Let w be (-6)/(-306)*57 - 6/51. Let b(l) be the third derivative of 53*l**6/120 + l**5/60 + l**4/24 - l**3/6 + l**2. List the prime factors of b(w).
2, 3
Suppose 8055 = -27*l - 13653. Let h = -747 - l. What are the prime factors of h?
3, 19
Let g be -2 - (1 - -132) - 2. Let l = -2334 + 2278. Let a = l - g. What are the prime factors of a?
3
Let p = 41 - 42. Let b(n) = -194*n**3 - n**2 - 2*n - 1. List the prime factors of b(p).
2, 97
Suppose -118*p - 23652 = -122*p. List the prime factors of p.
3, 73
Let n(f) = 9249*f**2 + 127*f - 2. What are the prime factors of n(-1)?
2, 3, 5, 19
Let i(y) = -y**3 - 43. Let u be i(0). Let d = -54 - u. What are the prime factors of 33/d - (0 - 1)*62?
59
Suppose -3*p + 20154 = 3*h, 20156 = 3*h + 33*p - 28*p. List the prime factors of h.
3, 2239
Let p(j) = j**2 + j + 102. Suppose 3 = -3*u - 6, -3*u - 18 = -3*y. Suppose -6 = 4*c - 3*o, y*o - 4 = c + o. What are the prime factors of p(c)?
2, 3, 17
Suppose -5*h - 4*i + 678 + 967 = 0, 5*i = 0. Suppose -5*t + 6*t - h = -d, 0 = -2*d + t + 664. List the prime factors of d.
331
Let p(a) = -a**3 + 14*a**2 - 7*a + 25. Let d be p(11). Let q = d - -211. What are the prime factors of q?
2, 3, 29
Let t = 38 + -34. Suppose i - 3*f - t = 5, -2*i + 27 = -3*f. Suppose -4*b = -38 - i. What are the prime factors of b?
2, 7
Let r = 71602 + -41721. What are the prime factors of r?
29881
Let z(i) = 2*i**2 + 2*i + 24. Let y(q) = -q**2 - 27. Let v(u) = 3*y(u) + 2*z(u). Let f = 22 + -36. What are the prime factors of v(f)?
107
Let b = -618 + 693. Suppose 86*l - 13530 = b*l. What are the prime factors of l?
2, 3, 5, 41
Suppose 58*d = 57*d + 2001. Suppose -2*y + 4*p = 5*p - 1003, 4*y - d = 3*p. List the prime factors of y.
3, 167
Let q(l) = 44*l**3 - 2*l**2 + 7*l - 7. Let z be q(1). Suppose -23*k = -z*k + 13965. List the prime factors of k.
3, 5, 7
Suppose 51*y - 24*y - 256768 = -32*y. List the prime factors of y.
2, 17
Let l(v) be the first derivative of v**3 + 9*v**2/2 + 6*v - 1. Let g(x) = 97*x - 686. Let k be g(7). List the prime factors of l(k).
2, 3, 5
Let f(h) = -4*h + 5*h**3 + 3*h**2 - 4*h**3 + 0*h**3 + 0*h**2. Let c be f(-3). List the prime factors of (0 - (-866)/c) + 6/(-36).
2, 3
Suppose w - 128*f + 133*f - 44425 = 0, 3*f - 222081 = -5*w. What are the prime factors of w?
3, 5, 7, 47
Let s be (25/(-15) - -1) + 32/(-6). Let j be s/16 - (-182)/(-112). List the prime factors of ((-5)/10*j)/(2/126).
3, 7
Let r(y) = y - 6. Let u be r(9). Let x(m) = 27*m - 8. Let c be x(u). Let f = 229 - c. What are the prime factors of f?
2, 3, 13
Suppose 0 = 3*x - 5*y + 2790, 8*x - 4*x - 2*y + 3706 = 0. Let s = 1305 + x. List the prime factors of s.
2, 5, 19
Suppose 33*b + 6 = 35*b. Suppose g + 4*c - 1404 = 0, -b*g + 35*c - 39*c + 4252 = 0. List the prime factors of g.
2, 89
Suppose -64829*f = -64815*f - 173614. What are the prime factors of f?
12401
What are the prime factors of 4/18 - (-4 - 444/(-108))*-66184?
2, 3677
Let w = 9255 - 6099. What are the prime factors of w?
2, 3, 263
Suppose 5*z + r - 407 = 0, -4*z = 3*r - 26 - 304. List the prime factors of z + -5 - -5*(3 - 2).
3
Suppose 0*w + 2*w = 4. Suppose w*i + 394 = 5*i + 4*r, -i - 5*r = -135. Suppose -2*j = -2*p + i, -2*j + 100 = 2*p + 2*j. List the prime factors of p.
2, 3, 5
Let i(p) = -54*p + 154. List the prime factors of i(-7).
2, 7, 19
Let d = -121 + 121. Suppose -3*b - 28 = -g, d*g + 41 = -4*b + 5*g. What are the prime factors of (b/(-6))/((-3)/(-490))?
5, 7
Let d(m) = m**3 + 32*m**2 + 29*m - 71. Let n be d(-31). What are the prime factors of ((-3)/((-18)/4) - 53)*n?
3, 157
Let c(h) be the first derivative of 2*h**3/3 - 47*h**2/2 + 150*h + 1. List the prime factors of c(31).
3, 5, 41
Let q(n) = -n**3 - 6*n**2 - n. Let d be q(-6). Suppose -3*p - 9 = -d*p. Suppose 2*g - 138 = -z + 4*g, -p*z + 3*g = -408. What are the prime factors of z?
2, 67
Suppose 0*l + 1309 = 3*q - 4*l, 5*l - 1300 = -3*q. Suppose -q = -6*k + 873. List the prime factors of k.
2, 109
Let i(x) = 40*x + 11. Let j be (2 - 1)*(0 + 10). What are the prime factors of i(j)?
3, 137
Let h(l) = -10*l - 24. Let n be h(-4). Suppose -2187 = 13*j - n*j. What are the prime factors of j?
3
Let p = -338 - -568. Let l(v) = 4*v + 16. Let j be l(5). Let w = j + p. List the prime factors of w.
2, 7, 19
Let h(d) be the second derivative of 27*d**3/2 + 69*d**2 + 70*d - 2. What are the prime factors of h(8)?
2, 3, 131
Let j be ((-2)/(-4))/(1/(-74)). Let s = j + 40. Suppose 0 = -s*p + 145 + 68. List the prime factors of p.
71
Suppose 712*w = 100*w + 17700876. List the prime factors of w.
3, 31, 311
Let x = 14 + 2. Suppose 36 = 3*f - 0*f + 3*q, f - q - x = 0. List the prime factors of 10/(-1)*f/(-5).
2, 7
Let u(z) = 1280*z + 2128. What are the prime factors of u(28)?
2, 3, 7, 113
Let g(c) = c**3 - 106*c**2 - 491*c - 134. What are the prime factors of g(112)?
2, 10069
Suppose 0 = -19*n + 22*n + 2*c - 3665, -1219 = -n - 2*c. What are the prime factors of n?
1223
Suppose 5*w - 28472 = -654*z + 651*z, -4*w - 20 = 0. List the prime factors of z.
7, 23, 59
Let b(p) be the first derivative of 10*p**2 + 30*p - 120. What are the prime factors of b(7)?
2, 5, 17
Suppose -w = -4 - 3. Suppose 2*j = -4*a + 9*a + 148, -3*j - 33 = a. What are the prime factors of a/(-8)*(w + -3)?
3, 5
Let x(u) = u + 1288. List the prime factors of x(68).
2, 3, 113
Let p be 66/8*(-9 + (-308)/12). Let z = p + 623. What are the prime factors of z?
337
Suppose 94*x = 557443 + 289873. What are the prime factors of x?
2, 4507
Let g = -3686 + -1597. List the prime factors of g/(-2)*56/84.
3, 587
Let f(k) = 6*k**3 + 10*k**2 - 90*k + 656. List the prime factors of f(7).
2, 3, 11, 13
Suppose 0 = -498*a + 510*a - 61296. Suppose -339 = 4*f - 3*c - a, 20 = 4*c. List the prime factors of f.
2, 13, 23
Suppose -v - 2 = 0, v + 26 = 3*q + q. Let p(f) = -4*f + 27. Let y be p(q). Suppose j - 3*d - 21 = -8*d, y*d - 29 = -j. List the prime factors of j.
41
Suppose w = -2*l + l - 14, 4*w - 5*l + 74 = 0. Let y(q) =